1 (base 5) in base 7?
-1
What is -111 (base 11) in base 9?
-157
1 (base 7) to base 9
1
Convert -10 (base 9) to base 12.
-9
What is 1 (base 11) in base 5?
1
What is 6 (base 7) in base 13?
6
What is 304 (base 7) in base 2?
10010111
What is 1 (base 12) in base 10?
1
9 (base 11) to base 7
12
Convert -6 (base 12) to base 9.
-6
What is -10 (base 2) in base 13?
-2
What is -63 (base 10) in base 14?
-47
Convert 3 (base 7) to base 13.
3
Convert 1 (base 12) to base 9.
1
-1 (base 16) to base 9
-1
What is 40 (base 7) in base 2?
11100
101010 (base 2) to base 13
33
2 (base 16) to base 10
2
-100 (base 2) to base 12
-4
What is 52 (base 7) in base 9?
41
Convert 2 (base 5) to base 15.
2
What is -136 (base 7) in base 5?
-301
What is -1b (base 13) in base 5?
-44
What is -100 (base 4) in base 5?
-31
Convert 36 (base 10) to base 14.
28
-3 (base 14) to base 13
-3
5 (base 6) to base 12
5
99 (base 12) to base 10
117
Convert -3 (base 11) to base 8.
-3
Convert -1 (base 3) to base 11.
-1
110 (base 3) to base 15
c
Convert -11100001 (base 2) to base 5.
-1400
Convert 12 (base 11) to base 16.
d
What is 5 (base 11) in base 2?
101
-11211 (base 3) to base 16
-82
What is 0 (base 15) in base 12?
0
Convert 282 (base 9) to base 7.
455
-1 (base 5) to base 13
-1
5 (base 16) to base 10
5
-8 (base 10) to base 13
-8
What is 3 (base 6) in base 3?
10
8 (base 10) to base 3
22
-290 (base 11) to base 2
-101010101
-20 (base 8) to base 15
-11
Convert -16 (base 7) to base 14.
-d
Convert -23 (base 13) to base 12.
-25
What is 39 (base 16) in base 11?
52
-300 (base 5) to base 3
-2210
Convert 3 (base 13) to base 16.
3
What is -22 (base 10) in base 15?
-17
What is -4 (base 14) in base 16?
-4
Convert 100 (base 6) to base 3.
1100
0 (base 11) to base 13
0
53 (base 12) to base 11
58
What is 3 (base 11) in base 2?
11
-11 (base 5) to base 10
-6
What is -10 (base 5) in base 7?
-5
What is -2 (base 9) in base 3?
-2
What is b (base 15) in base 10?
11
What is 3 (base 13) in base 6?
3
What is 222 (base 4) in base 13?
33
Convert -24 (base 9) to base 12.
-1a
What is 3 (base 5) in base 8?
3
a5 (base 14) to base 4
2101
What is -3 (base 11) in base 8?
-3
-11231 (base 4) to base 11
-302
What is f (base 16) in base 12?
13
20 (base 4) to base 2
1000
What is -1 (base 11) in base 10?
-1
Convert -1 (base 4) to base 15.
-1
What is 68 (base 14) in base 3?
10102
Convert 354 (base 6) to base 3.
12021
Convert 110 (base 4) to base 10.
20
What is -1 (base 3) in base 6?
-1
What is 13 (base 7) in base 12?
a
-271 (base 11) to base 12
-228
3 (base 6) to base 14
3
-1 (base 15) to base 4
-1
-3 (base 15) to base 2
-11
10 (base 5) to base 13
5
What is -23 (base 4) in base 13?
-b
What is 1 (base 6) in base 7?
1
Convert -16 (base 10) to base 14.
-12
-1011 (base 4) to base 13
-54
Convert -301 (base 4) to base 15.
-34
What is -3 (base 7) in base 16?
-3
What is -267 (base 10) in base 15?
-12c
What is -86 (base 9) in base 3?
-2220
Convert -2 (base 10) to base 13.
-2
Convert -46 (base 12) to base 3.
-2000
23 (base 4) to base 7
14
What is -24 (base 7) in base 14?
-14
What is 110010 (base 2) in base 10?
50
-100 (base 3) to base 6
-13
What is 2 (base 6) in base 12?
2
-20 (base 6) to base 12
-10
Convert -300 (base 12) to base 3.
-121000
-1 (base 13) to base 6
-1
-36 (base 12) to base 3
-1120
1 (base 9) to base 15
1
-8d (base 14) to base 3
-11122
Convert 16 (base 7) to base 4.
31
Convert -101 (base 5) to base 13.
-20
Convert 342 (base 6) to base 12.
b2
-1 (base 9) to base 2
-1
3 (base 7) to base 5
3
Convert 280 (base 9) to base 7.
453
What is -13 (base 10) in base 16?
-d
Convert 73 (base 9) to base 11.
60
What is 105 (base 6) in base 7?
56
100011001 (base 2) to base 5
2111
123 (base 5) to base 15
28
What is b (base 14) in base 12?
b
Convert -55 (base 15) to base 13.
-62
-13 (base 8) to base 15
-b
200 (base 3) to base 8
22
What is -1 (base 9) in base 11?
-1
What is 1 (base 15) in base 9?
1
Convert -30 (base 4) to base 3.
-110
-77 (base 9) to base 4
-1012
5 (base 14) to base 3
12
-24 (base 7) to base 13
-15
-3 (base 13) to base 3
-10
Convert -14 (base 6) to base 5.
-20
-125 (base 12) to base 10
-173
-1121 (base 3) to base 5
-133
10100 (base 2) to base 15
15
Convert -1100 (base 2) to base 10.
-12
What is 41 (base 9) in base 2?
100101
What is -11 (base 2) in base 12?
-3
Convert 404 (base 6) to base 5.
1043
Convert -2 (base 9) to base 6.
-2
-18 (base 16) to base 15
-19
What is -36 (base 15) in base 8?
-63
What is 1 (base 2) in base 11?
1
What is 1022 (base 3) in base 2?
100011
Convert -10 (base 7) to base 8.
-7
Convert -3 (base 4) to base 9.
-3
-10 (base 3) to base 8
-3
Convert 5 (base 12) to base 16.
5
Convert -8 (base 9) to base 7.
-11
What is -7a (base 11) in base 4?
-1113
What is -11 (base 8) in base 5?
-14
Convert -3 (base 12) to base 2.
-11
-52 (base 8) to base 5
-132
Convert 2 (base 13) to base 6.
2
Convert -194 (base 11) to base 16.
-e0
What is -100 (base 4) in base 12?
-14
-1 (base 13) to base 4
-1
What is -23 (base 8) in base 6?
-31
What is -2 (base 12) in base 8?
-2
Convert 1 (base 8) to base 5.
1
Convert 2b (base 15) to base 10.
41
What is 186 (base 9) in base 15?
a9
What is 55 (base 10) in base 11?
50
97 (base 11) to base 13
82
Convert -1233 (base 4) to base 13.
-87
55 (base 9) to base 8
62
What is 111010 (base 2) in base 4?
322
Convert 92 (base 11) to base 8.
145
What is 25 (base 6) in base 16?
11
What is 10 (base 7) in base 15?
7
What is 3 (base 14) in base 12?
3
58 (base 9) to base 7
104
4 (base 13) to base 9
4
-4 (base 5) to base 14
-4
2 (base 3) to base 9
2
What is -23 (base 11) in base 8?
-31
What is 437 (base 9) in base 11?
2a6
What is -21 (base 11) in base 10?
-23
-4 (base 13) to base 7
-4
What is 3101 (base 4) in base 6?
545
What is 222 (base 3) in base 14?
1c
What is 5 (base 11) in base 7?
5
-39 (base 16) to base 11
-52
What is 3 (base 7) in base 4?
3
Convert 1031 (base 4) to base 8.
115
-1 (base 9) to base 6
-1
b8 (base 14) to base 6
430
Convert 30 (base 8) to base 9.
26
Convert -100 (base 11) to base 9.
-144
Convert 6 (base 13) to base 16.
6
Convert -b (base 12) to base 14.
-b
Convert -180 (base 14) to base 12.
-218
What is 1 (base 12) in base 3?
1
What is 31 (base 6) in base 10?
19
3 (base 14) to base 6
3
11 (base 7) to base 5
13
Convert -2110 (base 3) to base 8.
-102
Convert 34 (base 6) to base 9.
24
212 (base 5) to base 2
111001
Convert 24 (base 5) to base 3.
112
Convert -2 (base 6) to base 4.
-2
0 (base 10) to base 11
0
4 (base 12) to base 4
10
-2 (base 5) to base 2
-10
Convert 101 (base 2) to base 15.
5
Convert 6 (base 11) to base 2.
110
35 (base 15) to base 3
1212
11 (base 3) to base 5
4
1223 (base 5) to base 3
20222
Convert 39 (base 16) to base 12.
49
-1 (base 8) to base 9
-1
-1 (base 9) to base 7
-1
Convert 1 (base 6) to base 12.
1
What is -1 (base 3) in base 5?
-1
-113 (base 16) to base 5
-2100
Convert 4c (base 13) to base 2.
1000000
What is 2 (base 8) in base 6?
2
Convert -2 (base 12) to base 15.
-2
Convert -102 (base 3) to base 7.
-14
What is -b7 (base 12) in base 15?
-94
What is 2323 (base 5) in base 16?
152
What is 102211 (base 3) in base 11?
270
Convert -11 (base 2) to base 8.
-3
Convert -6 (base 16) to base 11.
-6
What is -111 (base 7) in base 3?
-2010
Convert -22 (base 6) to base 8.
-16
-2 (base 10) to base 4
-2
Convert 53 (base 14) to base 16.
49
What is 12b (base 14) in base 11?
1a4
Convert -3 (base 14) to base 8.
-3
What is -c (base 16) in base 15?
-c
250 (base 6) to base 3
10210
What is 143 (base 6) in base 11?
58
What is -20 (base 11) in base 14?
-18
Convert -111 (base 2) to base 7.
-10
Convert 22 (base 10) to base 16.
16
10 (base 2) to base 14
2
What is -13 (base 5) in base 15?
-8
-110011 (base 2) to base 6
-123
2 (base 12) to base 6
2
Convert a7 (base 13) to base 11.
115
11 (base 4) to base 7
5
Convert 304 (base 10) to base 7.
613
What is -10 (base 10) in base 15?
-a
1001 (base 5) to base 8
176
22a (base 13) to base 10
374
13 (base 5) to base 16
8
What is 2300 (base 4) in base 15?
bb
What is -27 (base 16) in base 4?
-213
What is 3 (base 13) in base 16?
3
Convert 123 (base 4) to base 8.
33
1 (base 4) to base 2
1
-24 (base 14) to base 5
-112
What is 1d (base 14) in base 13?
21
Convert 2 (base 3) to base 12.
2
-104 (base 7) to base 4
-311
-26 (base 14) to base 2
-100010
Convert -43 (base 7) to base 8.
-37